irst derivative of 1/2*i**4 - 12*i + 5/2*i**2 + 16 + i**3. Let l(z) = 3*z**3 + 2*z**2 + 6*z - 13. Let q(t) = 3*l(t) - 4*r(t). What is q(6)?
-3
Suppose -4*g + 8 = 2*j, -2*j + 5*g = 14*g - 28. Let x(z) = -2*z**3 - 5*z**2 - 5*z + 1. What is x(j)?
69
Suppose -3528*t + 64 = -3512*t. Let f(y) be the second derivative of -5/6*y**3 + y**2 - 1/12*y**t + 0 - 30*y. What is f(-4)?
6
Let x = -3480 + 3478. Let q(r) = 9*r**3 + r**2 - 4*r - 4. Give q(x).
-64
Let i(v) = -4*v - 19. Let w be i(-6). Suppose -7 = 3*q - m + 13, 2*q = -w*m - 2. Let b(g) = -g + 7 - 3*g + 5*g**2 + g**3 - g. What is b(q)?
1
Let o(g) be the second derivative of g**4/12 + 11*g**3/3 - 201*g**2/2 - 9091*g. Calculate o(7).
2
Let u(k) = -k**2 - k - 1. Let p(i) = 8*i**2 + 9*i + 25. Let l(s) = -p(s) - 10*u(s). What is l(-4)?
13
Let i(n) = 5*n + 2. Let p be 3/((-18)/2)*-15. Let m(z) = 2*z**2 - 8*z - 5. Let g be m(p). Suppose g*f - 6*f = 2. What is i(f)?
-8
Let s(i) = i**3 + i**2 - 4*i - 7. Suppose -11*r - 9 = 5*q - 12*r, r = -2*q - 12. Calculate s(q).
-13
Suppose -8*f - 4*z = -7*f + 6, -z = f - 3. Let y(w) = -5 + 2*w + 10*w + f*w - 19*w. Let j(u) = u**3 - 8*u**2 - 6. Let l be j(8). Determine y(l).
1
Suppose 0 = 5623*a - 5614*a + 99. Let j(o) = -o + 30. Calculate j(a).
41
Let w(s) = -11*s**3 - 14*s**2 - 6*s + 9. Let a(g) = -14*g**3 - 14*g**2 - 9*g + 7. Let j(p) = 3*a(p) - 4*w(p). Determine j(-7).
6
Let o(t) = t**2 + 11*t + 18. Let s = 2610 - 2622. What is o(s)?
30
Suppose 59 = -23*z + 243. Let h(b) = z*b - 25 - 21 + 47. Determine h(1).
9
Let l(h) be the first derivative of -2/3*h**3 + h + h**2 - 42. Determine l(3).
-11
Let q(h) = -2*h**2 + 9*h - 7. Let c = 387 - 383. Suppose -2*r + 2*d = 5*d - 21, d + 21 = c*r. Determine q(r).
-25
Let n = 2846 - 2847. Let j(r) = -8*r**3 - r**2 + 1. Calculate j(n).
8
Let v(g) = -34*g + 633. Let i be v(19). Let z(d) = d**2 + 15*d + 15. What is z(i)?
-11
Let s(d) = 14*d**2 + 2*d - 25. Let j(k) = -5*k**2 + 8. Let u = 57 + -68. Let g(p) = u*j(p) - 4*s(p). Give g(-9).
3
Let i(x) be the third derivative of x**7/840 - x**6/60 + x**5/24 + x**4/6 - 20*x**3/3 + 4*x**2 + 7*x. Let f(o) be the first derivative of i(o). Give f(5).
4
Let g(i) = 2*i**2 - 72*i - 67. Suppose -88 - 109 = -5*p - 3*y, y = -p + 41. Give g(p).
7
Let i(j) = -2*j**2 - 5*j + 3. Suppose 0*d - 9*d + 180 = 0. Let v be 46 - ((-1)/(-1) + 1). Suppose -4*a + 12 - v = 4*k, a = -4*k - d. What is i(a)?
-9
Suppose 3*l = 2*c + 64, -l + c - 2 = 5*c. Suppose -175*p + l = -178*p. Let m(f) = 4*f + 23. What is m(p)?
-1
Let x(z) = -3*z - 8. Let i(g) = -2*g**3 - 35*g**2 + 9*g + 8. Let t be i(-18). Let n = 166 - t. What is x(n)?
4
Let x(l) = -1039*l - 4162. Let h be x(-4). Let m(u) = -u**3 - 5*u**2 + u + 4. Determine m(h).
34
Let d(o) = -o**3 + 7*o**2 + 18*o + 9. Let w(j) = -191*j + 1155. Let h be w(6). Give d(h).
9
Let h(a) = 2*a**3 - a**3 - 80*a**2 - 7 - 4*a**3 + 2*a + 78*a**2 + 2*a**3. What is h(3)?
-46
Let a(w) = -w**2 + 28*w + 22. Let j = -657 + 686. Calculate a(j).
-7
Let m(d) be the second derivative of -d**5/20 + d**4/2 + 7*d**3/6 + 7*d**2/2 - 1768*d. Let k be 7/(-2)*6/(-3). What is m(k)?
7
Let n(t) be the third derivative of t**6/120 + 19*t**5/60 + 7*t**4/12 - 40*t**3/3 + t**2 - 40. Determine n(-18).
-8
Let q be 1/4 - (-3)/(-12). Let p be (1 + q)/((-2)/(-2)). Let y(o) = -146*o**2 + 50*o**2 + 46*o**2 + 9*o - 8*o + 54*o**2. Determine y(p).
5
Let v(a) = 2*a**2 + 29*a - 71. Let m(w) = 3*w + 9. Let l(q) = -3*m(q) - v(q). Calculate l(-20).
4
Let t(g) = -84*g + 251. Let v(z) = -370*z + 1006. Let y(j) = -9*t(j) + 2*v(j). What is y(15)?
-7
Suppose -7*u + 3*u + 40 = 4*g, -34 = -3*u - 5*g. Let o(x) = 1. Let z(l) = -l + 9. Let n(q) = 6*o(q) - z(q). Determine n(u).
5
Suppose 132 - 180 = -4*m + 3*z, -26 = m + 4*z. Let g(t) be the second derivative of -t**4/12 + t**3/6 + t**2 - t. What is g(m)?
-28
Let t be 136/(-22) - (-2)/11. Let w(v) be the second derivative of 0 - 4*v**2 - 1/6*v**3 - 16*v. What is w(t)?
-2
Suppose 89 = 219*l - 407 - 161. Let u(d) = 6*d**2 - d + 2. Determine u(l).
53
Let x(a) = -6836*a + 6839*a - 16 + 56. Give x(-15).
-5
Let g(p) = -p**2 + 7*p - 1. Let u(y) = 8*y**2 - 121*y + 21. Let h(s) = -11*g(s) - u(s). Give h(-15).
5
Suppose -15*i + 54 = -21. Suppose -k = 6 - i. Let m(d) = 8*d + 1. What is m(k)?
-7
Suppose -10*c + 11*c - 3 = 0. Let v(j) = -273*j + j**c + 273*j - 2*j**3 + 1. Calculate v(0).
1
Let c(u) be the third derivative of u**6/120 - u**5/10 - u**4/4 - 2*u**3 - u**2. Let m be 1*(-8 + (-71)/(-5)) + (-12)/(-15). Calculate c(m).
-5
Let k be (20*(-28)/(-490))/((-2)/(-14)). Let z(x) = 2*x**2 - 15*x - 12. Determine z(k).
-4
Suppose -4*w = 1 + 15. Let g(z) = 2 - 4*z - 4*z**2 - 3 + 9 - 6*z**3. Let s(j) = -j**3 - j + 1. Let p(a) = g(a) - 5*s(a). Determine p(w).
-1
Suppose -o + 150*q - 147*q = -3, -3*o + q + 9 = 0. Let j(y) be the second derivative of -1/20*y**5 - o*y + 1/3*y**3 - 1/4*y**4 + 5/2*y**2 + 0. Give j(-4).
13
Let c = -19195 - -19212. Let z(j) be the third derivative of -1/2*j**3 + 0*j - 1/10*j**5 + 0 + 1/120*j**6 + 1/12*j**4 + c*j**2. Calculate z(6).
9
Let j(m) = 51*m + 3528. Let l be j(-69). Let g(n) = 2*n**2 - 14*n - 19. What is g(l)?
17
Let i(q) be the third derivative of q**5/60 + 11*q**4/24 - 2*q**3/3 + 1010*q**2. What is i(-6)?
-34
Suppose 2*q + 5*n + 1 + 10 = 0, 4*n = -4*q + 8. Let y(d) = -54*d. Let v(m) = -31*m + 1. Let t(g) = -7*v(g) + 4*y(g). Give t(q).
0
Let k be (-2 + (-7)/(-3))*-15. Let v(s) = 3*s**2 + 5*s - 5. Calculate v(k).
45
Let m(h) be the second derivative of 3*h**3 + 133*h**2 - 20*h. Let y be m(-15). Let o(d) = 2*d + 4. Calculate o(y).
-4
Let x(j) = 49*j - 71. Let a be x(2). Let p(v) = v**2 - 25*v - 47. Give p(a).
7
Let l(w) = 0*w**2 + 21*w + 1 + 4*w**2 + 12*w - 35*w. Let h = 13 - 11. Calculate l(h).
13
Let s be 13 - (-15)/((-45)/24). Let l(t) = -4*t**3 + 13*t**2 - 31*t + 46. Let b(w) = -3*w**3 + 8*w**2 - 21*w + 31. Let d(k) = s*l(k) - 7*b(k). Calculate d(-10).
-7
Suppose 3*m - 67 = -3*o + m, -11*m - 83 = -5*o. Let k(t) = -t**3 + 21*t**2 + t + 36. Determine k(o).
57
Let v(j) = -9*j**2 - 4 + 5*j + 17*j**2 - 9*j**2 - 5. Suppose -41*s + 4464 = 4218. Determine v(s).
-15
Let j(l) = -5301*l**2 - 4*l + 5300*l**2 + 2 + l. Let o be (-72)/(-45)*(-5)/2. Calculate j(o).
-2
Let f(i) = -i**2 - 6. Let b(l) = -12*l**2 + 2*l - 5. Let r(a) = -b(a) + f(a). Calculate r(-1).
12
Suppose 2*n = -5*g - 7 - 2, -2*n + 4*g = 0. Suppose 17*q - 21*q + 120 = 0. Let y(r) = -9*r + q - 28 - r. What is y(n)?
22
Let t = 398 + -420. Let u(l) = l**3 + 21*l**2 - 21*l + 27. What is u(t)?
5
Let r(y) = 12 - 6*y - 4*y**2 + 3*y**2 - 4 + 0*y**2. Let f = -444 + 453. Let t be 1*f*((-182)/21)/13. Determine r(t).
8
Let s be (11 - 215/20)*(4 - 0). Let a(z) = 5*z**2 + z**2 + 2*z - s - 8*z**2 + 4*z**2. Calculate a(-2).
3
Suppose 610*y = -2195 + 572 - 2647. Let t(r) = -r**3 - 7*r**2 + 2*r + 10. Give t(y).
-4
Let v(p) be the third derivative of 0 + 0*p + 1/6*p**3 - 1/10*p**5 - p**2 + 1/24*p**4. Let x = -257717 - -257716. Give v(x).
-6
Suppose -2*k - 40 = -52. Let a(d) = k*d - 1 - 11*d + 0*d - 2*d - d**2. Give a(-6).
5
Let u(t) be the third derivative of -t**5/60 - 3*t**4/8 + 3*t**3/2 - 3*t**2. Let g = -8640 + 8632. Calculate u(g).
17
Let k(a) be the first derivative of -a**4/4 + a**3 + 5*a**2/2 + 2*a - 1004. Let o(b) = 2*b - 1. Let u be o(-1). Let j = u - -7. What is k(j)?
6
Let g be -9 + (32 - (5 + 5)). Let i(h) = h**3 - 12*h**2 - 17*h + 7. Give i(g).
-45
Let u(s) = s**2 - 5*s - 8. Let b = 8114 + -8118. Give u(b).
28
Let f(d) = d**2 - 4*d. Let l = 234 - 216. Suppose -68 = -l*j + j. What is f(j)?
0
Let k(o) be the second derivative of 2*o**3 - 7*o**2/2 - 852*o. Determine k(3).
29
Let q(r) be the first derivative of -1/12*r**4 + 0*r**2 - 9 - 1/6*r**3 - 11*r. Let d(m) be the first derivative of q(m). What is d(-3)?
-6
Let o(w) be the third derivative of -w**4/12 + 13*w**3/6 - 2*w**2 - 482. What is o(4)?
5
Let a(o) = -o - 8*o - o + 4*o + 4*o - 5. Let d be 2/3*42/(-4). Give a(d).
9
Let w be (-1 - 0)/(-33 + 32). Let o(b) = b - 2 + 4*b - 6*b + 0*b - w. Calculate o(6).
-9
Suppose -3*j - a - 17 = 0, -j + 4*a + 10 = -6. Let x be 5 - (j - 2/(-3)*6). Let v(y) = y**3 - 4*y**2 - 2*y + 3. Calculate v(x).
18
Let z(i) be the first derivative of i**4/12 + 3*i**3/2 - 15*i**2/2 + 80*i + 31. Let r(f) be the first derivative of z(f). Calculate r(-11